 (base 9) to base 10.
-180093
Convert -1737c (base 16) to base 2.
-10111001101111100
Convert -326b3 (base 13) to base 2.
-10110010001100101
Convert 23330002020 (base 4) to base 3.
12212222211200
-6770196 (base 11) to base 6
-1102104444
Convert 220c89 (base 16) to base 4.
20200302021
Convert 64b0b6 (base 12) to base 13.
43b048
What is 102ba (base 14) in base 11?
2730a
Convert 5590348 (base 11) to base 9.
20378484
What is 2012021112 (base 3) in base 15?
cc0e
What is -1762503 (base 9) in base 15?
-147246
-15635670 (base 8) to base 14
-6a322c
Convert 110201111212 (base 3) to base 6.
5211205
What is 4f0077 (base 16) in base 9?
10661126
What is -c30cd (base 16) in base 9?
-1446824
Convert -110100010001101110100 (base 2) to base 14.
-3283c0
Convert -32a4361 (base 11) to base 2.
-10110000101010100010101
25122420 (base 6) to base 15
10d3c3
What is -3316437 (base 9) in base 14?
-3459a3
What is 16a17 (base 13) in base 15?
cd1d
-1720134 (base 10) to base 6
-100511330
-10909 (base 10) to base 16
-2a9d
20012102101 (base 3) to base 4
131303002
-79a36 (base 12) to base 5
-20142221
Convert a11a2 (base 13) to base 11.
187507
What is -7db3c6 (base 16) in base 5?
-4102104042
What is -111110100120 (base 3) in base 8?
-1005265
-30111213 (base 4) to base 10
-50535
What is -175 (base 11) in base 16?
-cb
-1126326 (base 7) to base 12
-69a63
426436 (base 8) to base 10
142622
34204013 (base 6) to base 15
158edc
Convert -14bbb3a (base 14) to base 2.
-100110101010100011111000
-585951 (base 10) to base 3
-1002202202220
What is 105442 (base 8) in base 14?
cda2
Convert -111001010110101110 (base 2) to base 9.
-387228
What is 2152625 (base 7) in base 9?
443585
What is -8928526 (base 10) in base 6?
-515211434
11210121020 (base 3) to base 12
46813
Convert 555b7 (base 13) to base 10.
154785
What is 2571711 (base 10) in base 9?
4748646
What is -43082 (base 14) in base 7?
-1243222
What is -6622023 (base 7) in base 2?
-11000110010011010001
What is 192916 (base 16) in base 4?
12102210112
Convert 10210031 (base 5) to base 7.
502601
Convert -4269 (base 14) to base 7.
-45262
b14 (base 12) to base 16
640
-220232320 (base 4) to base 6
-3324224
3770c7 (base 15) to base 14
4d2088
-675011 (base 8) to base 7
-1636166
Convert -100101002020 (base 3) to base 9.
-311066
What is -10422140 (base 7) in base 12?
-372868
-62547 (base 11) to base 10
-91164
-4442351 (base 11) to base 16
-76e5dd
What is 33323303 (base 4) in base 2?
1111111011110011
What is -a092b (base 16) in base 4?
-2200210223
78541 (base 9) to base 14
15049
-397884 (base 14) to base 5
-1001330413
What is 463b7 (base 12) in base 11?
64599
Convert -12a3a8 (base 13) to base 8.
-1560726
What is -66461202 (base 7) in base 10?
-5729229
-29709 (base 16) to base 9
-277746
-923958 (base 10) to base 14
-1a0a10
4ad5c (base 15) to base 3
110011012120
1256ab2 (base 14) to base 2
100001101000010011100100
-3287283 (base 9) to base 14
-3411c5
Convert -53132540 (base 7) to base 6.
-240205035
What is -1140400201 (base 5) in base 15?
-37ab51
What is 458176 (base 9) in base 11?
178665
Convert -116023 (base 10) to base 13.
-40a6b
100011001111000010000 (base 2) to base 14
220a9a
What is 1a494a (base 12) in base 14?
c1398
-33d04 (base 16) to base 5
-23242403
Convert 123110310023 (base 4) to base 12.
249540b
What is -ba280 (base 12) in base 9?
-414106
What is 1308206 (base 9) in base 8?
2563534
268d9d (base 14) to base 10
1330783
87437 (base 12) to base 4
223212223
Convert 18b495 (base 12) to base 2.
1101010000011110001
Convert 100001000100110100011 (base 2) to base 14.
202d91
2b32c7 (base 13) to base 15
160334
Convert 220134054 (base 6) to base 4.
32333320102
1656477 (base 12) to base 9
8571321
What is -1101001101011110011001 (base 2) in base 9?
-6457380
What is -3d9b00 (base 16) in base 9?
-7533213
-14229 (base 15) to base 13
-23544
10001110110001000100 (base 2) to base 9
1081136
Convert -10010111011010001111 (base 2) to base 13.
-18938a
Convert 11a48a0 (base 15) to base 13.
2818962
Convert -1cb075 (base 14) to base 12.
-417667
What is 12403303 (base 5) in base 10?
122328
What is -8a66a6 (base 12) in base 9?
-4136620
What is -121021300312 (base 4) in base 9?
-13358631
What is -110a87 (base 12) in base 13?
-96529
fc40 (base 16) to base 9
107521
What is -22403144 (base 5) in base 12?
-97ba0
300d1a (base 15) to base 9
4256037
What is 263cb (base 16) in base 2?
100110001111001011
203243215 (base 6) to base 3
20121212110002
What is 451160 (base 9) in base 8?
1017051
Convert 2d8ca2 (base 14) to base 16.
18680e
Convert 10a3ca9 (base 14) to base 7.
124233202
What is -1105657 (base 8) in base 9?
-503573
-625a (base 11) to base 12
-4971
What is 5246453 (base 9) in base 6?
140052033
Convert 26505560 (base 8) to base 13.
12c9c08
163450 (base 8) to base 5
3343201
What is -6a38b (base 12) in base 13?
-4c982
What is -1525552 (base 6) in base 16?
-15d4c
-23440221 (base 5) to base 15
-449ab
Convert 347a1 (base 13) to base 8.
273051
13999c (base 16) to base 8
4714634
Convert -22320220 (base 4) to base 5.
-2411314
Convert 5235300 (base 8) to base 10.
1391296
Convert -111010011010101110110 (base 2) to base 6.
-105010102
-4c7dae (base 15) to base 9
-6815572
Convert -596c16 (base 13) to base 11.
-12243a1
-981403 (base 15) to base 12
-2513b19
26125155 (base 8) to base 6
324313501
Convert -22441113 (base 5) to base 6.
-4202122
What is a2a60 (base 14) in base 8?
1375014
-24ba54 (base 12) to base 7
-5052352
1a760 (base 14) to base 2
10000011011110000
What is 617e5 (base 16) in base 4?
1201133211
Convert -2010010131 (base 4) to base 2.
-10000100000100011101
Convert -123545510 (base 6) to base 13.
-66b8b0
-46135 (base 8) to base 11
-13762
What is -1332320210 (base 4) in base 10?
-519716
What is -23164 (base 16) in base 6?
-3025204
-105200422 (base 6) to base 16
-1d6d9e
165a95 (base 11) to base 4
332231202
Convert 5805907 (base 10) to base 4.
112021131103
2440285 (base 10) to base 5
1111042120
What is 162067 (base 8) in base 6?
1130251
Convert -4738432 (base 10) to base 11.
-2747066
Convert 9ca1a (base 14) to base 4.
1130323300
Convert 10100001010010000010 (base 2) to base 10.
660610
What is 2232302323 (base 4) in base 5?
140402323
What is 754a9 (base 16) in base 6?
14144105
What is a95ab (base 12) in base 4?
312220103
-423064 (base 8) to base 5
-14001402
Convert 3aab7 (base 16) to base 6.
5052315
What is -1305172 (base 9) in base 6?
-23134015
Convert -e03ad (base 15) to base 7.
-6013525
Convert 20120202232 (base 4) to base 11.
127116a
What is 4440231113 (base 5) in base 14?
140563d
Convert -5212510 (base 6) to base 15.
-4e466
Convert 111200420 (base 5) to base 15.
9a60a
-110333331 (base 4) to base 3
-11100222200
Convert -446580 (base 16) to base 10.
-4482432
What is -15911170 (base 10) in base 16?
-f2c902
What is -320444 (base 5) in base 10?
-10749
Convert 1321781 (base 11) to base 12.
92309b
Convert -3a853 (base 15) to base 16.
-2dc6f
What is -321003120 (base 4) in base 7?
-1662210
What is 202121233 (base 4) in base 10?
140911
64042 (base 9) to base 3
2011001102
31047731 (base 8) to base 15
89cce6
Convert 85e4b (base 16) to base 12.
225463
Convert 10ed1a (base 15) to base 12.
330607
-170ba (base 15) to base 12
-370a1
29f80b (base 16) to base 12
b07863
Convert -330140420 (base 5) to base 12.
-581155
What is -121770 (base 8) in base 14?
-11424
Convert 31244145 (base 7) to base 14.
4c775c
Convert -12d864 (base 14) to base 10.
-651984
1530365 (base 7) to base 16
330b9
What is -1000101011000001010 (base 2) in base 7?
-2262325
Convert -41905a (base 12) to base 14.
-1cbd9c
5377d (base 14) to base 5
22424140
Convert -117566 (base 8) to base 5.
-2301242
What is 13312144 (base 5) in base 13?
49778
What is 201011022000 (base 3) in base 11?
238367
-2010290 (base 11) to base 9
-6622718
11766655 (base 8) to base 5
1132213444
1042423201 (base 5) to base 15
309b51
Convert 4251766 (base 10) to base 12.
151061a
Convert 478b59 (base 12) to base 2.
100011010001101110101
-100010001101001010 (base 2) to base 14
-390b8
4cac3 (base 14) to base 15
3adb8
1004777 (base 9) to base 13
159685
Convert -2333450 (base 6) to base 10.
-121350
-444302334 (base 5) to base 2
-111011011011001010011
What is 33122132 (base 4) in base 16?
f69e
What is 19a2c (base 16) in base 5?
11330004
What is 2112110211000 (base 3) in